148*v + 17. What is b(-37)?
17
Let t(z) = 4029*z + 27092. Calculate t(-8).
-5140
Let a(f) = -1680*f - 23513. Calculate a(-14).
7
Let n(a) = 2796*a + 15361. Calculate n(-5).
1381
Let y(v) = -v**3 - v**2 + 397*v + 177. Give y(0).
177
Let l(k) = 2035*k**3 - 36626*k**2 - 88*k + 290. Give l(18).
2
Let o(c) = -503*c**3 + 12*c**2 + 18*c - 28. Give o(1).
-501
Let t(g) = -g**2 - 230*g + 3842. Calculate t(17).
-357
Let u(x) = 65550*x - 655505. Calculate u(10).
-5
Let z(f) = -f**3 + 265*f**2 - 743*f - 11284. Give z(262).
-18
Let k(t) = -5*t**3 + 71*t**2 - 388*t + 871. What is k(6)?
19
Let p(u) = 69*u**2 + 1526*u + 131. Give p(-22).
-45
Let w(q) = 370*q + 30947. Calculate w(-84).
-133
Let c(z) = z**3 + 919*z**2 - 104141*z + 13. Give c(102).
115
Let x(q) = -1267*q - 305. Determine x(0).
-305
Let p(d) = 106*d**3 - 1073*d**2 + 85*d - 46. Give p(10).
-496
Let l(y) = -13*y**3 + 116*y**2 + 17*y + 14. Give l(9).
86
Let o(y) = 96*y**2 - 14986*y + 392. Calculate o(156).
-1168
Let n(o) = 17*o**2 - 2229*o + 6744. Calculate n(128).
-40
Let o(m) = -64*m**2 - 230*m + 230. Calculate o(1).
-64
Let g(n) = 18*n**2 - 305*n - 3077. What is g(-7)?
-60
Let n(a) = -15*a**2 - 1746*a - 2716. What is n(-115)?
-301
Let w(l) = 7007*l - 98636. What is w(14)?
-538
Let r(j) = 1140*j + 47818. What is r(-42)?
-62
Let c(f) = 31821*f - 190903. What is c(6)?
23
Let h(y) = 2*y**3 + 30*y**2 - 49*y - 218. What is h(-16)?
54
Let w(h) = 2698*h + 42998. Give w(-16).
-170
Let i(n) = -365*n**2 + 2164*n + 152. What is i(6)?
-4
Let h(k) = 44*k - 309. Give h(29).
967
Let v(f) = -1176*f + 40047. Give v(34).
63
Let s(x) = 134165*x + 1207464. Calculate s(-9).
-21
Let f(l) = -13380*l - 80275. Determine f(-6).
5
Let u(c) = -26*c**3 - 444*c**2 - 35*c - 16. What is u(-17)?
1
Let i(v) = -2*v**2 - 930*v + 1837. Determine i(2).
-31
Let q(v) = 4*v**3 - 8*v**2 - 17*v + 28. Give q(2).
-6
Let d(p) = -396*p - 12279. Calculate d(-31).
-3
Let f(g) = -2*g**2 + 5783*g + 104734. What is f(-18)?
-8
Let p(z) = 5580*z + 39510. Determine p(-7).
450
Let u(s) = s**2 - 108*s + 4054. Give u(45).
1219
Let n(p) = 853*p + 151924. Give n(-178).
90
Let k(a) = 255*a**2 - 386*a + 108. Calculate k(5).
4553
Let d(p) = 5268*p + 26524. What is d(-5)?
184
Let b(i) = -6*i**3 - 93*i**2 + 66*i + 1800. Give b(-15).
135
Let v(n) = 1846*n - 77539. Calculate v(42).
-7
Let v(n) = 44*n**2 + 37639*n - 75283. Calculate v(2).
171
Let w(z) = -13*z**3 - 16*z**2 - 173*z - 348. What is w(-2)?
38
Let d(z) = -z**3 + 101*z**2 + 57*z - 10524. Determine d(-10).
6
Let f(m) = m**3 + 3*m**2 + 1211*m - 45. Determine f(0).
-45
Let n(d) = 3014*d + 795722. Determine n(-264).
26
Let d(n) = 7*n**2 + 5286*n - 89670. Give d(17).
2215
Let n(t) = -12*t**3 + 73*t**2 - 68*t + 370. Calculate n(6).
-2
Let o(k) = -2*k**3 + 999*k**2 - 4401*k - 26664. Calculate o(495).
66
Let t(h) = 1447*h - 241413. What is t(167)?
236
Let t(p) = 2835*p - 453743. Calculate t(160).
-143
Let w(t) = t**2 + 291*t + 12571. Give w(-53).
-43
Let b(q) = -7*q**3 + 76*q**2 + 95*q - 772. Determine b(3).
8
Let q(a) = -148*a**3 + 12*a**2 + 275*a - 572. What is q(2)?
-1158
Let d(b) = 4*b**3 - 7*b**2 + 43*b - 64. What is d(8)?
1880
Let v(u) = u**2 - 243*u + 5582. Give v(30).
-808
Let c(w) = 2*w**3 - 363*w**2 - 12217*w - 228. What is c(-29)?
4
Let x(d) = 3*d**2 + 133*d - 837. Determine x(-50).
13
Let u(i) = i**3 - 43*i**2 + 337*i - 128. Determine u(9).
151
Let t(v) = v**3 + 12*v**2 - 237*v - 1326. Give t(-5).
34
Let t(s) = -s**2 + 727*s - 61609. What is t(98)?
33
Let l(y) = 26*y**3 - 19*y**2 - 28*y + 29. Calculate l(-3).
-760
Let o(j) = 7731*j - 15470. Determine o(2).
-8
Let d(m) = m**3 - 832*m**2 + 4916*m - 23. Give d(6).
-263
Let j(d) = -6*d**2 + 47*d - 288. Determine j(9).
-351
Let m(y) = 15*y**2 - 226*y + 2523. Give m(10).
1763
Let h(o) = -105*o**2 + 11538*o - 10124. What is h(109)?
13
Let i(y) = 2*y**2 + 121780*y - 2558257. Determine i(21).
5
Let q(w) = 36*w**2 + 2525*w + 329. What is q(-70)?
-21
Let u(s) = -s**2 - 1426*s - 63483. Determine u(-46).
-3
Let l(c) = -c**2 + 12284*c + 122946. Give l(-10).
6
Let x(t) = -8433*t - 22923. Calculate x(-3).
2376
Let p(q) = 71*q + 2437. Give p(-31).
236
Let b(u) = 5*u**2 + 220*u + 616. Determine b(-43).
401
Let y(w) = -12*w**3 - 11*w**2 - 2095*w + 12514. Calculate y(6).
-3044
Let s(t) = -169*t - 1639. Calculate s(-12).
389
Let q(o) = o**2 - 62*o - 53785. What is q(265)?
10
Let y(w) = 375*w**2 + 23952*w - 3054. Give y(-64).
18
Let p(z) = z**3 - 68*z**2 - 656*z - 380. Determine p(-8).
4
Let b(y) = 64*y**2 - 642*y + 463. Give b(11).
1145
Let f(t) = -5*t**2 - 767*t + 2783. What is f(-157)?
-43
Let r(p) = 54*p + 12168. Give r(-225).
18
Let h(l) = -116*l**3 + 8702*l**2 - 156*l + 455. Calculate h(75).
5
Let d(w) = 2*w**3 + 134*w**2 + 307*w + 350. Determine d(-64).
5278
Let h(x) = -x**3 + 127*x**2 - 614*x - 322. What is h(122)?
-810
Let s(c) = -3*c**3 - 11*c**2 + 3*c + 10. Determine s(3).
-161
Let c(z) = -4*z**3 + 1365*z**2 - 344*z + 1037. Give c(341).
14
Let a(o) = o**2 + 130*o - 5296. Calculate a(33).
83
Let g(n) = 18*n**2 + 106*n - 15989. Determine g(27).
-5
Let h(a) = -a**3 - 31*a**2 - 154*a - 150. Calculate h(-25).
-50
Let n(s) = 4*s**3 + 16*s**2 - 61*s - 27. Determine n(-6).
51
Let x(c) = 1807*c - 128383. Calculate x(71).
-86
Let q(v) = 1034*v - 89727. Calculate q(87).
231
Let b(v) = 16*v + 7063. What is b(-397)?
711
Let h(v) = -68*v**2 + 434*v - 86. Give h(6).
70
Let r(p) = p**2 + 273*p + 2002. What is r(-7)?
140
Let a(f) = f**3 + 12*f**2 - 495*f - 5935. Give a(-12).
5
Let n(q) = q**3 - 14*q**2 - 196*q + 2152. Determine n(11).
-367
Let c(h) = 93*h**2 + 3552*h + 816. Determine c(-38).
132
Let m(t) = 169*t**2 + 335*t - 2553. Determine m(-5).
-3
Let r(i) = 11*i**2 - 118*i - 396. What is r(-3)?
57
Let i(o) = 2664*o + 178541. Calculate i(-67).
53
Let m(o) = -o**3 + 1572*o**2 - 50786*o + 19. What is m(33)?
52
Let f(a) = a**2 - 3464*a - 305276. Calculate f(-86).
24
Let j(z) = z**3 - 15*z**2 - 161*z + 11. Determine j(-7).
60
Let p(x) = -36405*x - 3531189. Calculate p(-97).
96
Let u(b) = -b**3 - 13*b**2 + 11*b + 40. Calculate u(9).
-1643
Let k(h) = 2*h**3 + 195*h**2 - 289*h + 943. Give k(-99).
151
Let q(h) = 42021*h + 462231. Give q(-11).
0
Let s(o) = 218*o + 43468. What is s(-200)?
-132
Let t(k) = 2*k**2 + 3446*k - 10379. Give t(3).
-23
Let y(d) = -3*d**3 + 55*d**2 + 180*d - 255. Calculate y(21).
-3
Let k(m) = 550*m - 72033. Give k(131).
17
Let m(l) = -12*l**2 + 4234*l - 326731. Give m(114).
-7
Let n(k) = 2094*k - 45584. Give n(22).
484
Let y(p) = p**2 - 1056*p + 271911. What is y(611)?
16
Let w(q) = -10*q**2 - 2399*q - 2397. What is w(-1)?
-8
Let y(f) = 417*f - 37417. Determine y(90).
113
Let w(f) = -f**3 - 212*f**2 + 3172*f + 1922. Determine w(-226).
114
Let y(t) = -2*t**3 - 2*t**2 - 68*t - 193. What is y(-4)?
175
Let m(a) = a**2 - 12367*a + 234647. Determine m(19).
35
Let h(s) = 4629*s + 259216. Determine h(-56).
-8
Let w(l) = -47*l**2 - 570*l - 456. Calculate w(-11).
127
Let f(o) = o**3 - 35*o**2 + 115*o + 97. Determine f(5).
-78
Let p(b) = -1004670*b - 1004671. Determine p(-1).
-1
Let c(u) = -5*u**3 - 10*u**2 + 13*u + 107. Determine c(-5).
417
Let d(i) = -1355*i - 18595. What is d(-16)?
3085
Let y(g) = 6*g**2 + 183*g + 164. Determine y(-18).
-1186
Let t(q) = 33416*q + 48586861. What is t(-1454)?
-3
Let v(m) = -385*m + 4954. Calculate v(13).
-51
Let n(o) = -o**3 - 32*o**2 + 9*o + 327. Determine n(-28).
-3061
Let h(t) = -178*t + 8284. Give h(45).
274
Let y(o) = -1704*o - 127804. Determine y(-75).
-4
Let j(z) = z**2 + 41168*z + 7010481. Give j(-171).
-6
Let n(p) = 5101*p - 2366835. Determine n(464).
29
Let d(j) = 17*j**2 + 4129*j + 201935. Calculate d(-175).
-15
Let j(c) = -c**3 - 26*c**2 + 137*c + 125. What is j(-32)?
1885
Let v(l) = 3*l**3 - 101*l**2 - 701*l - 4. Give v(-6).
-82
Let m(f) = f**3 - 7*f**2 + 2030*f - 6087. Give m(3).
-33
Let p(a) = a**3 - 233*a**2 - 3867*a - 2212. Determine p(-15).
-7
Let w(s) = 335695*s + 4028289. What is w(-12)?
-51
Let q(b) = -48*b**2 - 192*b + 1919. Calculate q(9).
-3697
Let w(d) = -9583*d + 28770. Determine w(3).
21
Let q(t) = -11*t**2 - 874*t - 7386. Determine q(-9).
-411
Let p(t) = -1375*t + 338286. What is p(246)?
36
Let j(s) = s**3 + 82*s**2 - 1272*s - 79804. Calculate j(-86).
4
Let x(d) = -d**2 - 3707*d + 310029. Calculate x(82).